he greatest common divisor of 170 and 140.
10
Calculate the highest common divisor of 418 and 152.
38
What is the highest common factor of 24 and 291?
3
What is the greatest common factor of 234 and 9711?
117
Calculate the highest common divisor of 19019 and 38.
19
What is the highest common divisor of 15906 and 264?
66
Calculate the highest common divisor of 18 and 423.
9
What is the highest common factor of 1890 and 252?
126
What is the highest common factor of 8619 and 78?
39
What is the highest common factor of 309 and 3193?
103
Calculate the highest common factor of 459 and 27.
27
Calculate the highest common factor of 6 and 49656.
6
Calculate the highest common factor of 143 and 22.
11
Calculate the greatest common divisor of 37 and 1073.
37
Calculate the highest common factor of 315 and 35.
35
Calculate the greatest common divisor of 22 and 4796.
22
Calculate the highest common divisor of 348 and 12.
12
Calculate the highest common factor of 54 and 6354.
18
Calculate the highest common divisor of 10 and 14.
2
What is the highest common divisor of 588 and 10164?
84
What is the highest common divisor of 561 and 33?
33
What is the highest common divisor of 571 and 3?
1
What is the greatest common divisor of 5412 and 1452?
132
Calculate the highest common divisor of 132 and 7172.
44
Calculate the highest common factor of 27 and 1791.
9
What is the highest common divisor of 32 and 6176?
32
What is the highest common divisor of 32 and 2192?
16
What is the highest common divisor of 834 and 12?
6
Calculate the greatest common factor of 125 and 475.
25
What is the greatest common divisor of 152 and 1862?
38
Calculate the greatest common divisor of 626 and 16.
2
What is the greatest common divisor of 80 and 200?
40
Calculate the highest common factor of 28 and 462.
14
What is the highest common divisor of 7790 and 38?
38
Calculate the highest common divisor of 45 and 60.
15
What is the greatest common factor of 702 and 26?
26
What is the highest common factor of 21 and 17661?
21
What is the greatest common divisor of 119 and 959?
7
What is the highest common factor of 658 and 28?
14
What is the greatest common factor of 352 and 128?
32
Calculate the highest common factor of 1015 and 105.
35
What is the highest common divisor of 32 and 30496?
32
Calculate the highest common factor of 180 and 7860.
60
What is the highest common factor of 520 and 40?
40
Calculate the highest common divisor of 1918 and 14.
14
Calculate the highest common factor of 54 and 6.
6
What is the highest common divisor of 46 and 115?
23
What is the greatest common factor of 112 and 1204?
28
What is the highest common divisor of 5290 and 460?
230
Calculate the highest common factor of 10339 and 98.
49
What is the greatest common factor of 7 and 6167?
7
What is the highest common divisor of 19 and 60211?
19
Calculate the highest common factor of 24 and 34140.
12
Calculate the greatest common factor of 7072 and 208.
208
Calculate the highest common divisor of 66 and 143.
11
What is the greatest common divisor of 828 and 108?
36
Calculate the greatest common factor of 3690 and 765.
45
What is the greatest common divisor of 4476 and 24?
12
What is the highest common divisor of 8 and 38?
2
Calculate the highest common divisor of 45 and 120.
15
What is the highest common divisor of 3492 and 36?
36
What is the greatest common divisor of 204 and 12?
12
Calculate the highest common factor of 9028 and 148.
148
What is the highest common divisor of 2502 and 2085?
417
What is the highest common divisor of 14 and 700?
14
Calculate the greatest common factor of 22 and 726.
22
What is the highest common factor of 22 and 6?
2
Calculate the greatest common divisor of 372 and 12.
12
Calculate the highest common divisor of 231 and 66.
33
Calculate the highest common divisor of 31500 and 45.
45
What is the greatest common factor of 112 and 280?
56
What is the greatest common divisor of 148 and 1665?
37
Calculate the highest common divisor of 225 and 325.
25
Calculate the greatest common divisor of 20 and 1170.
10
What is the highest common divisor of 49 and 42?
7
Calculate the highest common divisor of 24 and 744.
24
What is the highest common factor of 182 and 1742?
26
Calculate the greatest common factor of 20 and 290.
10
What is the highest common factor of 38 and 38?
38
Calculate the highest common divisor of 28 and 126.
14
What is the highest common divisor of 3036 and 588?
12
What is the greatest common factor of 3088 and 64?
16
What is the greatest common factor of 207 and 1?
1
What is the highest common divisor of 1520 and 160?
80
Calculate the greatest common factor of 12 and 6.
6
Calculate the highest common divisor of 35 and 259.
7
What is the greatest common factor of 3500 and 98?
14
Calculate the highest common divisor of 143 and 13.
13
Calculate the highest common divisor of 330 and 528.
66
Calculate the greatest common divisor of 440 and 77.
11
Calculate the greatest common factor of 162684 and 36.
36
What is the highest common divisor of 320 and 1080?
40
What is the highest common factor of 6 and 345?
3
Calculate the highest common divisor of 660 and 270.
30
What is the highest common factor of 180 and 140?
20
What is the greatest common factor of 9 and 621?
9
What is the greatest common divisor of 1891 and 122?
61
What is the greatest common divisor of 210 and 175?
35
What is the highest common factor of 15 and 155?
5
Calculate the greatest common divisor of 180 and 50.
10
Calculate the greatest common divisor of 64 and 32.
32
What is the highest common factor of 12 and 852?
12
What is the highest common factor of 231 and 297?
33
What is the highest common factor of 1178 and 434?
62
Calculate the greatest common factor of 35 and 91.
7
What is the greatest common divisor of 2 and 2?
2
What is the greatest common factor of 87 and 9251?
29
Calculate the greatest common factor of 2756 and 159.
53
What is the greatest common divisor of 96 and 1632?
96
What is the greatest common factor of 676 and 24?
4
Calculate the highest common factor of 16 and 98.
2
What is the greatest common divisor of 560 and 32?
16
Calculate the greatest common factor of 738 and 594.
18
Calculate the highest common divisor of 6 and 37572.
6
What is the highest common factor of 27 and 24?
3
Calculate the greatest common divisor of 160 and 30.
10
What is the greatest common divisor of 15807 and 33?
33
Calculate the greatest common divisor of 107 and 1819.
107
What is the highest common divisor of 126 and 22358?
14
What is the highest common divisor of 12 and 504?
12
Calculate the greatest common factor of 1584 and 704.
176
What is the greatest common factor of 128 and 41024?
64
Calculate the greatest common divisor of 7 and 245.
7
Calculate the greatest common divisor of 10440 and 783.
261
What is the greatest common divisor of 69 and 138?
69
What is the greatest common factor of 2088 and 48?
24
Calculate the highest common factor of 13 and 325.
13
Calculate the highest common factor of 57 and 1311.
57
Calculate the highest common factor of 1430 and 40.
10
Calculate the highest common factor of 76 and 8.
4
Calculate the highest common factor of 6568 and 8.
8
What is the greatest common factor of 7519 and 292?
73
Calculate the greatest common divisor of 161 and 7.
7
What is the greatest common divisor of 21 and 679?
7
Calculate the greatest common factor of 3658 and 310.
62
Calculate the greatest common factor of 2849 and 539.
77
What is the greatest common factor of 750 and 4350?
150
What is the highest common divisor of 385 and 616?
77
What is the greatest common divisor of 35 and 15?
5
Calculate the highest common factor of 4 and 34.
2
Calculate the greatest common divisor of 154 and 3454.
22
What is the greatest common factor of 261 and 36?
9
What is the highest common factor of 305 and 95?
5
What is the highest common divisor of 4794 and 141?
141
What is the greatest common factor of 39 and 15?
3
What is the greatest common divisor of 360 and 54000?
360
What is the greatest common factor of 1242 and 45?
9
What is the highest common divisor of 561 and 9163?
187
What is the greatest common divisor of 11154 and 66?
66
Calculate the highest common factor of 65 and 637.
13
Calculate the greatest common facto